?
82
Calculate the remainder when 851276 is divided by 134.
108
What is the remainder when 165029 is divided by 30?
29
What is the remainder when 5361 is divided by 611?
473
Calculate the remainder when 870749 is divided by 50.
49
Calculate the remainder when 13861 is divided by 155.
66
What is the remainder when 83837 is divided by 160?
157
Calculate the remainder when 942 is divided by 640.
302
What is the remainder when 27405 is divided by 27265?
140
Calculate the remainder when 106217 is divided by 614.
609
Calculate the remainder when 18483 is divided by 428.
79
What is the remainder when 15868 is divided by 39?
34
Calculate the remainder when 113740 is divided by 86.
48
What is the remainder when 26769 is divided by 13381?
7
What is the remainder when 12973 is divided by 2590?
23
What is the remainder when 6541 is divided by 238?
115
Calculate the remainder when 62660 is divided by 2506.
10
Calculate the remainder when 278 is divided by 106.
66
What is the remainder when 4911 is divided by 1634?
9
What is the remainder when 31240 is divided by 7810?
0
What is the remainder when 6691 is divided by 22?
3
Calculate the remainder when 14499 is divided by 372.
363
What is the remainder when 79598 is divided by 268?
2
What is the remainder when 136159 is divided by 40?
39
What is the remainder when 264290 is divided by 312?
26
Calculate the remainder when 8634 is divided by 627.
483
Calculate the remainder when 60212 is divided by 10033.
14
Calculate the remainder when 129133 is divided by 49.
18
Calculate the remainder when 35744 is divided by 7.
2
What is the remainder when 20667 is divided by 107?
16
What is the remainder when 678840 is divided by 226277?
9
Calculate the remainder when 1813193 is divided by 44.
41
What is the remainder when 156880 is divided by 300?
280
What is the remainder when 52795 is divided by 67?
66
Calculate the remainder when 13377 is divided by 17.
15
What is the remainder when 483135 is divided by 470?
445
What is the remainder when 5183 is divided by 5178?
5
What is the remainder when 4331 is divided by 38?
37
What is the remainder when 7438 is divided by 76?
66
What is the remainder when 406 is divided by 41?
37
What is the remainder when 16620 is divided by 980?
940
What is the remainder when 25413 is divided by 194?
193
Calculate the remainder when 720981 is divided by 264.
261
Calculate the remainder when 2114 is divided by 570.
404
What is the remainder when 1114 is divided by 148?
78
Calculate the remainder when 32091 is divided by 767.
644
What is the remainder when 167758 is divided by 96?
46
What is the remainder when 7848 is divided by 271?
260
What is the remainder when 2327 is divided by 17?
15
Calculate the remainder when 25150 is divided by 301.
167
Calculate the remainder when 45749 is divided by 398.
377
Calculate the remainder when 16998 is divided by 1543.
25
Calculate the remainder when 49884 is divided by 16628.
0
Calculate the remainder when 32702 is divided by 3251.
192
Calculate the remainder when 11142 is divided by 92.
10
Calculate the remainder when 276498 is divided by 6144.
18
What is the remainder when 16991 is divided by 2420?
51
What is the remainder when 556601 is divided by 118?
113
What is the remainder when 45444 is divided by 15120?
84
What is the remainder when 10741 is divided by 292?
229
What is the remainder when 5853 is divided by 1169?
8
What is the remainder when 9724 is divided by 863?
231
What is the remainder when 7219 is divided by 6580?
639
Calculate the remainder when 38868 is divided by 44.
16
What is the remainder when 246952 is divided by 123470?
12
Calculate the remainder when 475344 is divided by 821.
806
What is the remainder when 5640 is divided by 76?
16
What is the remainder when 2974133 is divided by 6?
5
Calculate the remainder when 61984 is divided by 361.
253
Calculate the remainder when 1631 is divided by 321.
26
Calculate the remainder when 15497 is divided by 1549.
7
Calculate the remainder when 10489 is divided by 13.
11
What is the remainder when 18449 is divided by 2634?
11
Calculate the remainder when 19436 is divided by 2140.
176
Calculate the remainder when 5827 is divided by 2.
1
Calculate the remainder when 151997 is divided by 462.
461
Calculate the remainder when 357786 is divided by 17889.
6
What is the remainder when 719162 is divided by 24?
2
What is the remainder when 365155 is divided by 92?
7
Calculate the remainder when 2907 is divided by 30.
27
Calculate the remainder when 2035 is divided by 12.
7
What is the remainder when 171920 is divided by 7163?
8
Calculate the remainder when 10977 is divided by 17.
12
What is the remainder when 12265 is divided by 128?
105
What is the remainder when 30193 is divided by 55?
53
What is the remainder when 9221 is divided by 71?
62
Calculate the remainder when 3095 is divided by 258.
257
Calculate the remainder when 21935 is divided by 577.
9
Calculate the remainder when 103160 is divided by 71.
68
Calculate the remainder when 39142 is divided by 16.
6
What is the remainder when 34669 is divided by 11?
8
Calculate the remainder when 25809 is divided by 8553.
150
What is the remainder when 662371 is divided by 165577?
63
What is the remainder when 28019 is divided by 27968?
51
What is the remainder when 891 is divided by 28?
23
What is the remainder when 4981715 is divided by 67?
64
Calculate the remainder when 11624 is divided by 1284.
68
Calculate the remainder when 16570 is divided by 2366.
8
What is the remainder when 347652 is divided by 301?
298
Calculate the remainder when 29096 is divided by 66.
56
Calculate the remainder when 5212124 is divided by 615.
614
What is the remainder when 28268 is divided by 28249?
19
What is the remainder when 212 is divided by 25?
12
What is the remainder when 834 is divided by 122?
102
What is the remainder when 134479 is divided by 37?
21
Calculate the remainder when 951 is divided by 878.
73
What is the remainder when 3233 is divided by 2396?
837
What is the remainder when 296643 is divided by 14?
11
What is the remainder when 11589 is divided by 38?
37
What is the remainder when 48574 is divided by 79?
68
What is the remainder when 25791 is divided by 277?
30
Calculate the remainder when 924722 is divided by 47.
44
Calculate the remainder when 9710 is divided by 751.
698
What is the remainder when 22354 is divided by 4377?
469
What is the remainder when 24819 is divided by 147?
123
Calculate the remainder when 82330 is divided by 366.
346
Calculate the remainder when 11277 is divided by 3757.
6
Calculate the remainder when 5065322 is divided by 294.
290
Calculate the remainder when 12304 is divided by 96.
16
Calculate the remainder when 2216 is divided by 400.
216
Calculate the remainder when 37571 is divided by 25.
21
What is the remainder when 52148 is divided by 13022?
60
Calculate the remainder when 11022 is divided by 408.
6
What is the remainder when 37891 is divided by 7577?
6
Calculate the remainder when 60557 is divided by 98.
91
Calculate the remainder when 5896 is divided by 131.
1
What is the remainder when 715047 is divided by 210?
207
Calculate the remainder when 49499 is divided by 970.
29
Calculate the remainder when 178137 is divided by 1425.
12
What is the remainder when 6408 is divided by 1235?
233
What is the remainder when 74 is divided by 41?
33
What is the remainder when 19227 is divided by 3808?
187
What is the remainder when 4167 is divided by 886?
623
Calculate the remainder when 610 is divided by 252.
106
What is the remainder when 27042 is divided by 4497?
60
Calculate the remainder when 85035 is divided by 5662.
105
What is the remainder when 19542 is divided by 2171?
3
Calculate the remainder when 8284 is divided by 954.
652
What is the remainder when 5993 is divided by 5868?
125
Calculate the remainder when 57753 is divided by 110.
3
Calculate the remainder when 30098 is divided by 79.
78
Calculate the remainder when 496 is divided by 228.
40
What is the remainder when 114265 is divided by 12686?
91
Calculate the remainder when 2126 is divided by 336.
110
What is the remainder when 183161 is divided by 71?
52
What is the remainder when 289229 is divided by 668?
653
Calculate the remainder when 96138 is divided by 125.
